Calculate the remainder when 394 is divided by 12.
10
Calculate the remainder when 117 is divided by 65.
52
What is the remainder when 1046 is divided by 76?
58
What is the remainder when 84 is divided by 7?
0
Calculate the remainder when 201 is divided by 26.
19
What is the remainder when 315 is divided by 153?
9
Calculate the remainder when 661 is divided by 162.
13
Calculate the remainder when 126 is divided by 46.
34
What is the remainder when 57 is divided by 14?
1
Calculate the remainder when 247 is divided by 14.
9
Calculate the remainder when 1789 is divided by 589.
22
Calculate the remainder when 220 is divided by 74.
72
What is the remainder when 316 is divided by 105?
1
What is the remainder when 155 is divided by 20?
15
Calculate the remainder when 701 is divided by 238.
225
Calculate the remainder when 34 is divided by 20.
14
Calculate the remainder when 171 is divided by 18.
9
Calculate the remainder when 230 is divided by 69.
23
What is the remainder when 1268 is divided by 27?
26
Calculate the remainder when 4690 is divided by 19.
16
What is the remainder when 86 is divided by 38?
10
Calculate the remainder when 11452 is divided by 67.
62
What is the remainder when 5318 is divided by 190?
188
Calculate the remainder when 522 is divided by 25.
22
What is the remainder when 238 is divided by 56?
14
What is the remainder when 100 is divided by 21?
16
What is the remainder when 2879 is divided by 72?
71
Calculate the remainder when 87 is divided by 6.
3
Calculate the remainder when 2786 is divided by 41.
39
What is the remainder when 17166 is divided by 232?
230
What is the remainder when 47 is divided by 27?
20
What is the remainder when 3663 is divided by 35?
23
Calculate the remainder when 1467 is divided by 349.
71
Calculate the remainder when 3802 is divided by 112.
106
Calculate the remainder when 438 is divided by 10.
8
What is the remainder when 3758 is divided by 57?
53
Calculate the remainder when 1387 is divided by 61.
45
Calculate the remainder when 1777 is divided by 14.
13
Calculate the remainder when 808 is divided by 41.
29
What is the remainder when 186 is divided by 63?
60
What is the remainder when 15 is divided by 9?
6
What is the remainder when 218 is divided by 74?
70
Calculate the remainder when 37 is divided by 10.
7
What is the remainder when 233 is divided by 23?
3
Calculate the remainder when 1279 is divided by 80.
79
What is the remainder when 621 is divided by 159?
144
Calculate the remainder when 6876 is divided by 186.
180
What is the remainder when 1803 is divided by 181?
174
Calculate the remainder when 345 is divided by 60.
45
What is the remainder when 95 is divided by 37?
21
Calculate the remainder when 445 is divided by 432.
13
Calculate the remainder when 2753 is divided by 26.
23
What is the remainder when 1114 is divided by 34?
26
What is the remainder when 109 is divided by 10?
9
Calculate the remainder when 1360 is divided by 124.
120
Calculate the remainder when 140 is divided by 29.
24
What is the remainder when 567 is divided by 19?
16
Calculate the remainder when 538 is divided by 50.
38
Calculate the remainder when 713 is divided by 28.
13
Calculate the remainder when 226 is divided by 11.
6
What is the remainder when 1439 is divided by 16?
15
What is the remainder when 664 is divided by 60?
4
What is the remainder when 3440 is divided by 31?
30
What is the remainder when 2431 is divided by 810?
1
What is the remainder when 22 is divided by 3?
1
What is the remainder when 33474 is divided by 310?
304
What is the remainder when 265 is divided by 129?
7
What is the remainder when 11029 is divided by 394?
391
What is the remainder when 280 is divided by 70?
0
What is the remainder when 4599 is divided by 10?
9
What is the remainder when 7306 is divided by 63?
61
Calculate the remainder when 1448 is divided by 69.
68
What is the remainder when 121 is divided by 62?
59
Calculate the remainder when 161 is divided by 33.
29
Calculate the remainder when 774 is divided by 152.
14
What is the remainder when 233 is divided by 141?
92
What is the remainder when 3798 is divided by 23?
3
Calculate the remainder when 1061 is divided by 41.
36
What is the remainder when 845 is divided by 106?
103
What is the remainder when 155 is divided by 28?
15
What is the remainder when 364 is divided by 12?
4
Calculate the remainder when 54 is divided by 43.
11
Calculate the remainder when 103 is divided by 52.
51
What is the remainder when 422 is divided by 53?
51
What is the remainder when 1503 is divided by 58?
53
What is the remainder when 2578 is divided by 96?
82
What is the remainder when 27539 is divided by 68?
67
Calculate the remainder when 639 is divided by 316.
7
Calculate the remainder when 2238 is divided by 739.
21
Calculate the remainder when 582 is divided by 296.
286
Calculate the remainder when 383 is divided by 185.
13
Calculate the remainder when 1098 is divided by 546.
6
Calculate the remainder when 351 is divided by 172.
7
Calculate the remainder when 151 is divided by 11.
8
Calculate the remainder when 192 is divided by 65.
62
What is the remainder when 653 is divided by 480?
173
Calculate the remainder when 1708 is divided by 19.
17
What is the remainder when 224 is divided by 55?
4
Calculate the remainder when 409 is divided by 30.
19
Calculate the remainder when 142 is divided by 13.
12
What is the remainder when 73 is divided by 5?
3
Calculate the remainder when 2589 is divided by 37.
36
Calculate the remainder when 346 is divided by 50.
46
What is the remainder when 4054 is divided by 5?
4
What is the remainder when 341 is divided by 61?
36
What is the remainder when 118 is divided by 30?
28
What is the remainder when 108 is divided by 37?
34
Calculate the remainder when 393 is divided by 168.
57
Calculate the remainder when 998 is divided by 168.
158
What is the remainder when 1517 is divided by 76?
73
What is the remainder when 857 is divided by 39?
38
What is the remainder when 633 is divided by 22?
17
Calculate the remainder when 1571 is divided by 382.
43
What is the remainder when 1802 is divided by 32?
10
What is the remainder when 6270 is divided by 14?
12
What is the remainder when 2446 is divided by 70?
66
What is the remainder when 192 is divided by 52?
36
What is the remainder when 596 is divided by 288?
20
What is the remainder when 2325 is divided by 380?
45
Calculate the remainder when 2224 is divided by 186.
178
Calculate the remainder when 119 is divided by 60.
59
What is the remainder when 675 is divided by 122?
65
Calculate the remainder when 1408 is divided by 94.
92
What is the remainder when 52 is divided by 6?
4
What is the remainder when 56 is divided by 2?
0
Calculate the remainder when 114 is divided by 29.
27
What is the remainder when 53 is divided by 2?
1
Calculate the remainder when 967 is divided by 26.
5
What is the remainder when 417 is divided by 21?
18
Calculate the remainder when 37 is divided by 8.
5
Calculate the remainder when 7231 is divided by 7222.
9
Calculate the remainder when 2576 is divided by 430.
426
Calculate the remainder when 216 is divided by 44.
40
Calculate the remainder when 205 is divided by 26.
23
Calculate the remainder when 3167 is divided by 1053.
8
What is the remainder when 126 is divided by 37?
15
Calculate the remainder when 670 is divided by 184.
118
Calculate the remainder when 181 is divided by 52.
25
What is the remainder when 180 is divided by 23?
19
Calculate the remainder when 559 is divided by 51.
49
Calculate the remainder when 203 is divided by 73.
57
What is the remainder when 120 is divided by 41?
38
Calculate the remainder when 267 is divided by 84.
15
What is the remainder when 302 is divided by 142?
18
Calculate the remainder when 2058 is divided by 35.
28
Calculate the remainder when 946 is divided by 158.
156
Calculate the remainder when 38 is divided by 7.
3
Calculate the remainder when 29 is divided by 3.
2
Calculate the remainder when 720 is divided by 92.
76
Calculate the remainder when 727 is divided by 73.
70
What is the remainder when 122 is divided by 61?
0
Calculate the remainder when 222 is divided by 45.
42
Calculate the remainder when 117 is divided by 46.
25
Calculate the remainder when 